d(g) = 3*g**2 + 12*g - 8. Let v be d(u). Calculate the highest common divisor of v and 22.
22
Suppose -n - v = -70, -n - 2 + 82 = -4*v. What is the greatest common factor of n and 54?
18
Suppose 0 = 11*r + 575 - 2511. Calculate the greatest common factor of r and 16.
16
Suppose 0 = -f + 6*f + 15, 4*i - 17 = -f. Suppose i*d + 3*n - 62 = 0, 4*d = -d - 5*n + 70. What is the highest common factor of 50 and d?
10
Suppose 3*z = 2*z - 2*r - 1, -4*z + 11 = 3*r. Let w = -2171 - -2216. What is the greatest common divisor of z and w?
5
Let k(i) = 3*i**2 - 6*i - 9. Let j be k(-2). Calculate the greatest common factor of j and 180.
15
Suppose -3653 = -10*h - 993. What is the highest common divisor of 304 and h?
38
Let b = 79 + -69. Let c be (-5)/((-20)/(-8)) + 17. What is the greatest common divisor of c and b?
5
Let g be (-67530)/(-60) - 1/2. What is the greatest common divisor of g and 45?
45
Suppose -m + 3*c = -765 + 200, 0 = -2*c - 10. Calculate the greatest common factor of 50 and m.
50
Let v(d) = -7*d - 5 - 3 - d - d**2 - 4*d. Let h be v(-6). Suppose 217 = -3*o + 889. Calculate the highest common factor of o and h.
28
Let p(q) = q + 12. Let j be p(-9). Suppose 0 = 5*f - 5*d - 135, -j*f - 2*d - 106 = -7*f. What is the greatest common divisor of f and 78?
26
Let r be 1261/39 + 15/9 + -2. Calculate the highest common divisor of 224 and r.
32
Let h = 79 - 53. Calculate the highest common divisor of h and 39.
13
Suppose -23*d + 36 = 4*m - 28*d, m - 2*d = 9. Suppose b + 2*b = 216. Calculate the greatest common factor of b and m.
9
Let u be (560/(-6))/4*-3. Suppose -3*q = 2*q - u. Let m = -191 + 317. Calculate the greatest common divisor of m and q.
14
Let g = 161 - 26. Let x(n) = -4*n + 37. Let t be x(8). Suppose -t*m = 3*d - 61 - 68, 0 = -4*m + 5*d + 118. What is the greatest common factor of g and m?
27
Let y(a) = 2*a + 44. Let d be y(-22). Suppose -5*k + 37 + 53 = d. Calculate the highest common factor of k and 9.
9
Let h(n) = -n**3 - 13*n**2 - 19*n - 15. Let i(u) = -4*u + 4. Let y be i(4). Let l be h(y). What is the greatest common factor of 23 and l?
23
Let r = 10 + -8. Suppose 3 = r*y - b + 2, -20 = -4*y - 4*b. Let m(p) = 3*p - 8. Let c be m(6). Calculate the highest common divisor of c and y.
2
Let g be 2 + 3 + -4 + 45 - 1. Suppose -2*a = 5*r - g, 40 = 5*r - 5*a - 5. What is the greatest common factor of r and 27?
9
Let a = 224 - -32. What is the greatest common divisor of a and 32?
32
Suppose -210 = -2*t - t. Suppose 4*k = 2*b + 14, -6*b - 10 = -2*k - 2*b. Suppose -112 = -x - k*x. What is the greatest common factor of t and x?
14
Let u = -981 - -1047. Calculate the highest common factor of u and 6.
6
Let y = -26 + 28. Suppose 3*d + y = 8. Calculate the highest common divisor of d and 16.
2
Let f = 2609 + -2551. What is the highest common factor of f and 3712?
58
Let o be 4/(-14) + (-508)/(-14). Let y(w) be the first derivative of -9*w**2/2 + 3*w - 12. Let q be y(-1). What is the highest common divisor of q and o?
12
Suppose -2*y + r - 8*r + 55 = 0, 2*r = 3*y - 145. Let q = 2 + 3. What is the highest common divisor of y and q?
5
Let y be (-1 - (-39)/33) + (-3408)/(-132). What is the highest common factor of 26 and y?
26
Suppose 15*v - 7*v - 2752 = 0. Let y = v + -174. What is the greatest common factor of y and 68?
34
Let g(s) = 3*s**2 - 72*s - 49. Let o be g(25). Let h = 2 - -11. Calculate the greatest common divisor of o and h.
13
Let t(n) = -n**2 + 21*n - 11. Let m = -18 + 38. Let j be t(m). What is the highest common factor of 9 and j?
9
Let w(x) = x**2 + 7*x - 22. Let a be w(-13). Suppose -2*q = -u - 18, -2*q + 5*u = 2*q - 48. Calculate the highest common factor of a and q.
7
Let c = 8 + -5. Suppose 4*q = -c*p + 14, q - 2 - 8 = -4*p. Suppose 34 = q*k - 2*g, -k = -3*g - 16 - 11. What is the greatest common divisor of k and 30?
6
Suppose 5*u - 13 - 222 = -a, -865 = -4*a - 5*u. Calculate the greatest common divisor of a and 30.
30
Let h(n) be the third derivative of -n**5/60 + n**4/6 + n**3/6 + 16*n**2. Let r be h(2). What is the highest common factor of r and 20?
5
Suppose 0 = -4*t, -2*r + 5*t - 30 = -5*r. Suppose q - r = -0*q. Calculate the highest common factor of 110 and q.
10
Let m be (5 - (12 + -4 + -1))*-1. Let i = -32 + 54. Calculate the highest common divisor of i and m.
2
Let j(c) = 5*c**2 - 7*c - 2. Let g be j(5). Let q(b) = 146*b - 74*b - 73*b + 27. Let f be q(19). What is the highest common divisor of g and f?
8
Let l(t) = -7*t + 9. Let h be l(2). Let n be -60*h/(30/26). Calculate the greatest common factor of 26 and n.
26
Let k = 201 + -91. Suppose 4*c = g - 51, 2*g - k = -2*c + 6*c. Suppose 2*w = 95 + g. Calculate the greatest common factor of 11 and w.
11
Let i be (-94)/799 - 444/(-17). Calculate the highest common divisor of 403 and i.
13
Let r(d) = 2*d**2 + 15*d - 3. Let t be r(-8). Suppose -2*s - 186 = -5*q - t*s, 0 = q - 5*s - 26. Calculate the greatest common factor of 54 and q.
18
Let t = -121 - -245. Suppose t = -6*n + 4*n. Let v = n + 95. Calculate the greatest common factor of v and 3.
3
Suppose -16*f = 37*f - 11660. What is the greatest common divisor of f and 100?
20
Let n be 266 - (4 + -6)*(-24)/8. What is the highest common divisor of n and 455?
65
Suppose -3*j + 180 = 5*u, -3*u - 10 = j - 114. What is the highest common factor of 363 and u?
33
Let b be ((-3)/6)/((-5)/230). Suppose b*p + 344 = 31*p. What is the highest common factor of 301 and p?
43
Suppose 5*j - 385 = 2*o, -231 = -3*j + 6*o - o. Suppose g + 0*g - 7 = 0. What is the greatest common divisor of j and g?
7
Suppose 0 = -s + j + 4, -4*j - 20 = -4*s + j. Suppose -4*d - d + 20 = s. Let b be (66/d)/((-6)/(-8)). Calculate the greatest common divisor of 22 and b.
22
Let x(r) = -r**3 - 16*r**2 - 17*r - 18. Let v be x(-15). Suppose 2*i = 4, 4*i = -l - 0*l + 20. What is the greatest common factor of l and v?
12
Let t = 27 - 1. Suppose -390 = 9*c - 15*c. What is the highest common factor of t and c?
13
Suppose 231 - 143 = 4*l. Suppose -2*o + 240 = 2*o. Let b = 115 - o. What is the greatest common factor of l and b?
11
Suppose 5*i - 266 = i - 3*q, 0 = -3*i - 5*q + 194. Calculate the greatest common divisor of i and 102.
34
Let g(m) = m**3 - 11*m**2 + 6*m - 26. Let q be g(11). What is the greatest common divisor of q and 140?
20
Let h be ((-66)/(-9) + -4)*459. What is the highest common divisor of h and 18?
18
Suppose 4*b = -1 + 17. Suppose 5*n + 2*v - 60 = 4*v, 0 = -4*n - b*v + 48. Calculate the highest common factor of 30 and n.
6
Let b(v) = v**3 - 4*v**2 + 3*v. Let a be b(2). Let d be 1*(3 + 1 + 0) - -24. Let o be a*(-2 + d/(-8)). Calculate the greatest common divisor of 1 and o.
1
Let x(q) = q**3 + 9*q**2 + 9*q + 3. Let i be (3 + 3 - 3) + -10. Let z be x(i). Calculate the greatest common divisor of z and 266.
38
Let i(y) = y**3 - 11*y**2 - 4*y - 22. Let q be i(13). What is the greatest common divisor of 66 and q?
66
Suppose -6*g + g + 10175 = -5*l, 0 = g + 4*l - 2060. What is the greatest common divisor of 30 and g?
30
Let l be (810/72)/((-2)/(2*4)). Let y = l + 46. What is the greatest common divisor of y and 3?
1
Let s be (20 - 18)*(-3 + 11/2). Calculate the greatest common divisor of 205 and s.
5
Suppose -21*h + 4 = -19*h. Suppose -h*f - 3*f - 2*d = 69, -5*d + 42 = -4*f. Let s = -7 - f. Calculate the greatest common divisor of s and 30.
6
Let p(u) be the second derivative of -u**4/12 - 4*u**3/3 - 6*u**2 + 11*u. Let s be p(-5). Calculate the greatest common divisor of 18 and s.
3
Suppose -5*u = 6*u - 110. Suppose w - 1 - 1 = 0. Let v = u - w. What is the greatest common factor of 8 and v?
8
Suppose -w = -41 - 124. Calculate the greatest common divisor of 385 and w.
55
Let k be (17 - (-24)/(-4))*1. What is the greatest common factor of k and 44?
11
Let y be 1/((-2)/(-4)*2). Let f be ((-3)/(-15) - y)*50/(-2). Calculate the highest common factor of 220 and f.
20
Suppose 544 = 5*r - r. Let s = 226 - r. Calculate the highest common factor of s and 10.
10
Let y(i) = i**3 - i + 8. Let g be y(0). Suppose 0 = 3*k - g*k + 30. Let m be (-219)/(-3) - (k + -3). What is the highest common divisor of 14 and m?
14
Let m be (-3 - -629) + (-40)/(6 + 2). Calculate the greatest common divisor of 23 and m.
23
Let r(m) = -m**3 + 10*m**2 + 11*m - 5. Let d be r(9). What is the hig